{"id":1629,"date":"2021-11-07T00:19:49","date_gmt":"2021-11-07T00:19:49","guid":{"rendered":"https:\/\/pamurtech.com\/?page_id=1629"},"modified":"2022-12-31T02:00:10","modified_gmt":"2022-12-31T02:00:10","slug":"elementor-1629","status":"publish","type":"page","link":"https:\/\/pamurtech.com\/?page_id=1629","title":{"rendered":"\u00bfC\u00d3MO PUEDE REALIZAR SUS PAGOS?"},"content":{"rendered":"\t\t<div data-elementor-type=\"wp-page\" data-elementor-id=\"1629\" class=\"elementor elementor-1629\">\n\t\t\t\t\t\t<section class=\"elementor-section elementor-top-section elementor-element elementor-element-4877f99 elementor-section-boxed elementor-section-height-default elementor-section-height-default\" data-id=\"4877f99\" data-element_type=\"section\">\n\t\t\t\t\t\t<div class=\"elementor-container elementor-column-gap-default\">\n\t\t\t\t\t<div class=\"elementor-column elementor-col-100 elementor-top-column elementor-element elementor-element-a610a5c\" data-id=\"a610a5c\" data-element_type=\"column\">\n\t\t\t<div class=\"elementor-widget-wrap elementor-element-populated\">\n\t\t\t\t\t\t<div class=\"elementor-element elementor-element-1f77b1c elementor-widget elementor-widget-heading\" data-id=\"1f77b1c\" data-element_type=\"widget\" data-widget_type=\"heading.default\">\n\t\t\t\t<div class=\"elementor-widget-container\">\n\t\t\t\t\t<h1 class=\"elementor-heading-title elementor-size-default\">M\u00c9TODOS DE PAGO<\/h1>\t\t\t\t<\/div>\n\t\t\t\t<\/div>\n\t\t\t\t\t<\/div>\n\t\t<\/div>\n\t\t\t\t\t<\/div>\n\t\t<\/section>\n\t\t\t\t<section class=\"elementor-section elementor-top-section elementor-element elementor-element-7231f61 elementor-section-boxed elementor-section-height-default elementor-section-height-default\" data-id=\"7231f61\" data-element_type=\"section\">\n\t\t\t\t\t\t<div class=\"elementor-container elementor-column-gap-default\">\n\t\t\t\t\t<div class=\"elementor-column elementor-col-33 elementor-top-column elementor-element elementor-element-51c57fa\" data-id=\"51c57fa\" data-element_type=\"column\">\n\t\t\t<div class=\"elementor-widget-wrap elementor-element-populated\">\n\t\t\t\t\t\t<div class=\"elementor-element elementor-element-d208f45 elementor-widget elementor-widget-image\" data-id=\"d208f45\" data-element_type=\"widget\" data-widget_type=\"image.default\">\n\t\t\t\t<div class=\"elementor-widget-container\">\n\t\t\t\t\t\t\t\t\t\t\t\t<figure class=\"wp-caption\">\n\t\t\t\t\t\t\t\t\t\t<img fetchpriority=\"high\" decoding=\"async\" width=\"512\" height=\"512\" src=\"https:\/\/pamurtech.com\/wp-content\/uploads\/2022\/12\/trasnferencia-bancaria.png\" class=\"attachment-large size-large wp-image-2280\" alt=\"\" srcset=\"https:\/\/pamurtech.com\/wp-content\/uploads\/2022\/12\/trasnferencia-bancaria.png 512w, https:\/\/pamurtech.com\/wp-content\/uploads\/2022\/12\/trasnferencia-bancaria-300x300.png 300w, https:\/\/pamurtech.com\/wp-content\/uploads\/2022\/12\/trasnferencia-bancaria-100x100.png 100w, https:\/\/pamurtech.com\/wp-content\/uploads\/2022\/12\/trasnferencia-bancaria-150x150.png 150w\" sizes=\"(max-width: 512px) 100vw, 512px\" \/>\t\t\t\t\t\t\t\t\t\t\t<figcaption class=\"widget-image-caption wp-caption-text\">Transferencia o Dep\u00f3sito<\/figcaption>\n\t\t\t\t\t\t\t\t\t\t<\/figure>\n\t\t\t\t\t\t\t\t\t<\/div>\n\t\t\t\t<\/div>\n\t\t\t\t\t<\/div>\n\t\t<\/div>\n\t\t\t\t<div class=\"elementor-column elementor-col-33 elementor-top-column elementor-element elementor-element-7905118\" data-id=\"7905118\" data-element_type=\"column\">\n\t\t\t<div class=\"elementor-widget-wrap elementor-element-populated\">\n\t\t\t\t\t\t<div class=\"elementor-element elementor-element-f76124e elementor-widget elementor-widget-image\" data-id=\"f76124e\" data-element_type=\"widget\" data-widget_type=\"image.default\">\n\t\t\t\t<div class=\"elementor-widget-container\">\n\t\t\t\t\t\t\t\t\t\t\t\t<figure class=\"wp-caption\">\n\t\t\t\t\t\t\t\t\t\t<img decoding=\"async\" width=\"800\" height=\"744\" src=\"https:\/\/pamurtech.com\/wp-content\/uploads\/2022\/12\/tarjeta-credito.png\" class=\"attachment-large size-large wp-image-2281\" alt=\"\" srcset=\"https:\/\/pamurtech.com\/wp-content\/uploads\/2022\/12\/tarjeta-credito.png 860w, https:\/\/pamurtech.com\/wp-content\/uploads\/2022\/12\/tarjeta-credito-300x279.png 300w, https:\/\/pamurtech.com\/wp-content\/uploads\/2022\/12\/tarjeta-credito-768x714.png 768w\" sizes=\"(max-width: 800px) 100vw, 800px\" \/>\t\t\t\t\t\t\t\t\t\t\t<figcaption class=\"widget-image-caption wp-caption-text\">Tarjeta de cr\u00e9dito o D\u00e9bito<\/figcaption>\n\t\t\t\t\t\t\t\t\t\t<\/figure>\n\t\t\t\t\t\t\t\t\t<\/div>\n\t\t\t\t<\/div>\n\t\t\t\t\t<\/div>\n\t\t<\/div>\n\t\t\t\t<div class=\"elementor-column elementor-col-33 elementor-top-column elementor-element elementor-element-a8358a1\" data-id=\"a8358a1\" data-element_type=\"column\">\n\t\t\t<div class=\"elementor-widget-wrap elementor-element-populated\">\n\t\t\t\t\t\t<div class=\"elementor-element elementor-element-d49a866 elementor-widget elementor-widget-image\" data-id=\"d49a866\" data-element_type=\"widget\" data-widget_type=\"image.default\">\n\t\t\t\t<div class=\"elementor-widget-container\">\n\t\t\t\t\t\t\t\t\t\t\t\t<figure class=\"wp-caption\">\n\t\t\t\t\t\t\t\t\t\t<img decoding=\"async\" src=\"https:\/\/pamurtech.com\/wp-content\/uploads\/2022\/12\/shelftalker-thumbnail.png\" title=\"\" alt=\"\" loading=\"lazy\" \/>\t\t\t\t\t\t\t\t\t\t\t<figcaption class=\"widget-image-caption wp-caption-text\">App DE UNA!<\/figcaption>\n\t\t\t\t\t\t\t\t\t\t<\/figure>\n\t\t\t\t\t\t\t\t\t<\/div>\n\t\t\t\t<\/div>\n\t\t\t\t\t<\/div>\n\t\t<\/div>\n\t\t\t\t\t<\/div>\n\t\t<\/section>\n\t\t\t\t<section class=\"elementor-section elementor-top-section elementor-element elementor-element-27e259a elementor-section-boxed elementor-section-height-default elementor-section-height-default\" data-id=\"27e259a\" data-element_type=\"section\">\n\t\t\t\t\t\t<div class=\"elementor-container elementor-column-gap-default\">\n\t\t\t\t\t<div class=\"elementor-column elementor-col-33 elementor-top-column elementor-element elementor-element-fc33ba7\" data-id=\"fc33ba7\" data-element_type=\"column\">\n\t\t\t<div class=\"elementor-widget-wrap elementor-element-populated\">\n\t\t\t\t\t\t<div class=\"elementor-element elementor-element-1574009 elementor-widget elementor-widget-text-editor\" data-id=\"1574009\" data-element_type=\"widget\" data-widget_type=\"text-editor.default\">\n\t\t\t\t<div class=\"elementor-widget-container\">\n\t\t\t\t\t\t\t\t\t<p><strong><u>TRANSFERENCIA O DEP\u00d3SITO BANCARIO<\/u><\/strong><\/p><p>Puede realizar su compra y pagar mediante un dep\u00f3sito o transferencia bancaria directa a nuestras cuentas, una vez realizado el pago por favor debe enviarnos el comprobante a nuestro n\u00famero de WhatsApp o correo electr\u00f3nico, verificaremos la acreditaci\u00f3n de los valores en nuestras cuentas y se despachar\u00e1n los productos adquiridos.<\/p>\t\t\t\t\t\t\t\t<\/div>\n\t\t\t\t<\/div>\n\t\t\t\t\t<\/div>\n\t\t<\/div>\n\t\t\t\t<div class=\"elementor-column elementor-col-33 elementor-top-column elementor-element elementor-element-b0a71a8\" data-id=\"b0a71a8\" data-element_type=\"column\">\n\t\t\t<div class=\"elementor-widget-wrap elementor-element-populated\">\n\t\t\t\t\t\t<div class=\"elementor-element elementor-element-255595a elementor-widget elementor-widget-text-editor\" data-id=\"255595a\" data-element_type=\"widget\" data-widget_type=\"text-editor.default\">\n\t\t\t\t<div class=\"elementor-widget-container\">\n\t\t\t\t\t\t\t\t\t<p><strong><u>PAGO CON TARJETA DE D\u00c9BITO\/CR\u00c9DITO V\u00cdA PAYPHONE<\/u><\/strong><\/p><p>Puede realizar su compra y pagar mediante su tarjeta de cr\u00e9dito o d\u00e9bito utilizando el servicio de la aplicaci\u00f3n PayPhone proporcionada por Grupo Produbanco, en la cual <strong>NO ES NECESARIO<\/strong> estar previamente registrado,\u00a0 puede diferir sus compras a tres o seis meses. Su voucher y comprobante de pago se generar\u00e1 autom\u00e1ticamente. Se despachar\u00e1n los productos adquiridos previa comprobaci\u00f3n del pago esto podr\u00eda demora hasta 2 d\u00edas h\u00e1biles<\/p>\t\t\t\t\t\t\t\t<\/div>\n\t\t\t\t<\/div>\n\t\t\t\t\t<\/div>\n\t\t<\/div>\n\t\t\t\t<div class=\"elementor-column elementor-col-33 elementor-top-column elementor-element elementor-element-7e34d27\" data-id=\"7e34d27\" data-element_type=\"column\">\n\t\t\t<div class=\"elementor-widget-wrap elementor-element-populated\">\n\t\t\t\t\t\t<div class=\"elementor-element elementor-element-647b999 elementor-widget elementor-widget-text-editor\" data-id=\"647b999\" data-element_type=\"widget\" data-widget_type=\"text-editor.default\">\n\t\t\t\t<div class=\"elementor-widget-container\">\n\t\t\t\t\t\t\t\t\t<p><strong><u>PAGO CON APP DE UNA<br \/><\/u><\/strong><\/p><p>Puede realizar su compra y pagar utilizando los servicios de la APP DEUNA! de Banco Pichincha Escaneando con su celular el c\u00f3digo QR. Se despachar\u00e1n los productos adquiridos previa comprobaci\u00f3n del pago.<\/p>\t\t\t\t\t\t\t\t<\/div>\n\t\t\t\t<\/div>\n\t\t\t\t\t<\/div>\n\t\t<\/div>\n\t\t\t\t\t<\/div>\n\t\t<\/section>\n\t\t\t\t<section class=\"elementor-section elementor-top-section elementor-element elementor-element-4e7fa41 elementor-section-boxed elementor-section-height-default elementor-section-height-default\" data-id=\"4e7fa41\" data-element_type=\"section\">\n\t\t\t\t\t\t<div class=\"elementor-container elementor-column-gap-default\">\n\t\t\t\t\t<div class=\"elementor-column elementor-col-100 elementor-top-column elementor-element elementor-element-882e562\" data-id=\"882e562\" data-element_type=\"column\">\n\t\t\t<div class=\"elementor-widget-wrap elementor-element-populated\">\n\t\t\t\t\t\t<div class=\"elementor-element elementor-element-540aadc elementor-widget elementor-widget-heading\" data-id=\"540aadc\" data-element_type=\"widget\" data-widget_type=\"heading.default\">\n\t\t\t\t<div class=\"elementor-widget-container\">\n\t\t\t\t\t<h3 class=\"elementor-heading-title elementor-size-default\">Escanea el c\u00f3digo y paga DEUNA!<\/h3>\t\t\t\t<\/div>\n\t\t\t\t<\/div>\n\t\t\t\t\t<\/div>\n\t\t<\/div>\n\t\t\t\t\t<\/div>\n\t\t<\/section>\n\t\t\t\t<section class=\"elementor-section elementor-top-section elementor-element elementor-element-49e02c8 elementor-section-boxed elementor-section-height-default elementor-section-height-default\" data-id=\"49e02c8\" data-element_type=\"section\">\n\t\t\t\t\t\t<div class=\"elementor-container elementor-column-gap-default\">\n\t\t\t\t\t<div class=\"elementor-column elementor-col-100 elementor-top-column elementor-element elementor-element-1b3f85b\" data-id=\"1b3f85b\" data-element_type=\"column\">\n\t\t\t<div class=\"elementor-widget-wrap elementor-element-populated\">\n\t\t\t\t\t\t<div class=\"elementor-element elementor-element-91e324d elementor-widget elementor-widget-image\" data-id=\"91e324d\" data-element_type=\"widget\" data-widget_type=\"image.default\">\n\t\t\t\t<div class=\"elementor-widget-container\">\n\t\t\t\t\t\t\t\t\t\t\t\t\t\t\t<img decoding=\"async\" src=\"https:\/\/pamurtech.com\/wp-content\/uploads\/2022\/12\/Screenshot_2022-12-28-19-39-55-12_43f68e4acdff2faefc2f506012d60192-e1672282225643.jpg\" title=\"\" alt=\"\" loading=\"lazy\" \/>\t\t\t\t\t\t\t\t\t\t\t\t\t\t\t<\/div>\n\t\t\t\t<\/div>\n\t\t\t\t\t<\/div>\n\t\t<\/div>\n\t\t\t\t\t<\/div>\n\t\t<\/section>\n\t\t\t\t<section class=\"elementor-section elementor-top-section elementor-element elementor-element-a3f042b elementor-section-boxed elementor-section-height-default elementor-section-height-default\" data-id=\"a3f042b\" data-element_type=\"section\">\n\t\t\t\t\t\t<div class=\"elementor-container elementor-column-gap-default\">\n\t\t\t\t\t<div class=\"elementor-column elementor-col-100 elementor-top-column elementor-element elementor-element-46d16fc\" data-id=\"46d16fc\" data-element_type=\"column\">\n\t\t\t<div class=\"elementor-widget-wrap elementor-element-populated\">\n\t\t\t\t\t\t<div class=\"elementor-element elementor-element-2b55299 elementor-widget elementor-widget-text-editor\" data-id=\"2b55299\" data-element_type=\"widget\" data-widget_type=\"text-editor.default\">\n\t\t\t\t<div class=\"elementor-widget-container\">\n\t\t\t\t\t\t\t\t\t<pre>*PayPhone solo admite tarjetas de cr\u00e9dito\/d\u00e9bito Visa o Masercad. Se cobrar\u00e1 un 6% de recargo adicional <br \/>*Los pagos mediante PayPal puede realizarlos sin necesidad de tener una cuenta PayPal<\/pre>\t\t\t\t\t\t\t\t<\/div>\n\t\t\t\t<\/div>\n\t\t\t\t\t<\/div>\n\t\t<\/div>\n\t\t\t\t\t<\/div>\n\t\t<\/section>\n\t\t\t\t<\/div>\n\t\t","protected":false},"excerpt":{"rendered":"<p>M\u00c9TODOS DE PAGO Transferencia o Dep\u00f3sito Tarjeta de cr\u00e9dito o D\u00e9bito App DE UNA! TRANSFERENCIA O DEP\u00d3SITO BANCARIOPuede realizar su compra y pagar mediante un dep\u00f3sito o transferencia bancaria directa &#8230;<\/p>\n","protected":false},"author":21,"featured_media":0,"parent":625,"menu_order":0,"comment_status":"closed","ping_status":"closed","template":"","meta":{"footnotes":""},"class_list":["post-1629","page","type-page","status-publish","hentry"],"rise-blocks_excerpt":"M\u00c9TODOS DE PAGO Transferencia o Dep\u00f3sito Tarjeta de cr\u00e9dito o D\u00e9bito App DE UNA! TRANSFERENCIA O DEP\u00d3SITO BANCARIOPuede realizar su compra y pagar mediante un dep\u00f3sito o transferencia bancaria directa..","_links":{"self":[{"href":"https:\/\/pamurtech.com\/index.php?rest_route=\/wp\/v2\/pages\/1629","targetHints":{"allow":["GET"]}}],"collection":[{"href":"https:\/\/pamurtech.com\/index.php?rest_route=\/wp\/v2\/pages"}],"about":[{"href":"https:\/\/pamurtech.com\/index.php?rest_route=\/wp\/v2\/types\/page"}],"author":[{"embeddable":true,"href":"https:\/\/pamurtech.com\/index.php?rest_route=\/wp\/v2\/users\/21"}],"replies":[{"embeddable":true,"href":"https:\/\/pamurtech.com\/index.php?rest_route=%2Fwp%2Fv2%2Fcomments&post=1629"}],"version-history":[{"count":59,"href":"https:\/\/pamurtech.com\/index.php?rest_route=\/wp\/v2\/pages\/1629\/revisions"}],"predecessor-version":[{"id":2391,"href":"https:\/\/pamurtech.com\/index.php?rest_route=\/wp\/v2\/pages\/1629\/revisions\/2391"}],"up":[{"embeddable":true,"href":"https:\/\/pamurtech.com\/index.php?rest_route=\/wp\/v2\/pages\/625"}],"wp:attachment":[{"href":"https:\/\/pamurtech.com\/index.php?rest_route=%2Fwp%2Fv2%2Fmedia&parent=1629"}],"curies":[{"name":"wp","href":"https:\/\/api.w.org\/{rel}","templated":true}]}}