{"id":815,"date":"2021-04-24T20:23:04","date_gmt":"2021-04-24T20:23:04","guid":{"rendered":"https:\/\/pamurtech.com\/?page_id=815"},"modified":"2021-09-23T21:48:04","modified_gmt":"2021-09-23T21:48:04","slug":"trabajamos-con-las-mejores-marcas","status":"publish","type":"page","link":"https:\/\/pamurtech.com\/?page_id=815","title":{"rendered":"Marcas"},"content":{"rendered":"\t\t<div data-elementor-type=\"wp-page\" data-elementor-id=\"815\" class=\"elementor elementor-815\">\n\t\t\t\t<section class=\"elementor-section elementor-top-section elementor-element elementor-element-1244448 elementor-section-boxed elementor-section-height-default elementor-section-height-default\" data-id=\"1244448\" data-element_type=\"section\">\n\t\t\t\t\t\t<div class=\"elementor-container elementor-column-gap-default\">\n\t\t\t\t\t<div class=\"elementor-column elementor-col-100 elementor-top-column elementor-element elementor-element-22cbe73d\" data-id=\"22cbe73d\" data-element_type=\"column\">\n\t\t\t<div class=\"elementor-widget-wrap elementor-element-populated\">\n\t\t\t\t\t\t<div class=\"elementor-element elementor-element-14e766f elementor-widget elementor-widget-heading\" data-id=\"14e766f\" data-element_type=\"widget\" data-widget_type=\"heading.default\">\n\t\t\t\t<div class=\"elementor-widget-container\">\n\t\t\t\t\t<h2 class=\"elementor-heading-title elementor-size-default\">TRABAJAMOS CON LAS MEJORES MARCAS DEL MERCADO<\/h2>\t\t\t\t<\/div>\n\t\t\t\t<\/div>\n\t\t\t\t<div class=\"elementor-element elementor-element-6b8a26e7 elementor-widget elementor-widget-text-editor\" data-id=\"6b8a26e7\" data-element_type=\"widget\" data-widget_type=\"text-editor.default\">\n\t\t\t\t<div class=\"elementor-widget-container\"><p>Uno de los pilares de nuestra organizaci\u00f3n es el uso de equipos y marcas comerciales de alta calidad, que con el tiempo se han sabido posicionar en el mercado de la automatizaci\u00f3n y de la seguridad.<\/p><p>Empresas que invierten en desarrollos y patentes de invenci\u00f3n propias, que d\u00eda a d\u00eda innovan en \u00e1reas tecnol\u00f3gicas y esas innovaciones las transforman en productos de primera calidad, para cubrir las necesidades de nuestros clientes finales.<\/p><p>Es por ello que en <strong>PAMUR TECH<\/strong>, sumamos a la mano de obra de nuestros profesionales, sus conocimientos y experiencia, el uso de los mejores materiales y equipos del mercado, un cliente satisfecho que sabe que con su inversi\u00f3n logro obtener lo mejor del mercado tecnol\u00f3gico y el respaldo de un personal humano de primera l\u00ednea.<\/p><div class=\"wp-block-image\"><figure class=\"aligncenter size-large\"><img fetchpriority=\"high\" decoding=\"async\" width=\"600\" height=\"346\" src=\"https:\/\/pamurtech.com\/wp-content\/uploads\/2021\/04\/159-1599929_marcas-de-tecnologia-stationery.png\" alt=\"\" class=\"wp-image-816\" srcset=\"https:\/\/pamurtech.com\/wp-content\/uploads\/2021\/04\/159-1599929_marcas-de-tecnologia-stationery.png 600w, https:\/\/pamurtech.com\/wp-content\/uploads\/2021\/04\/159-1599929_marcas-de-tecnologia-stationery-300x173.png 300w\" sizes=\"(max-width: 600px) 100vw, 600px\" \/><\/figure><\/div><\/div>\n\t\t\t\t<\/div>\n\t\t\t\t\t<\/div>\n\t\t<\/div>\n\t\t\t\t\t<\/div>\n\t\t<\/section>\t\t<\/div>\n\t\t","protected":false},"excerpt":{"rendered":"<p>TRABAJAMOS CON LAS MEJORES MARCAS DEL MERCADOUno de los pilares de nuestra organizaci\u00f3n es el uso de equipos y marcas comerciales de alta calidad, que con el tiempo se han &#8230;<\/p>\n","protected":false},"author":21,"featured_media":0,"parent":0,"menu_order":0,"comment_status":"closed","ping_status":"closed","template":"elementor_theme","meta":{"footnotes":""},"class_list":["post-815","page","type-page","status-publish","hentry"],"rise-blocks_excerpt":"TRABAJAMOS CON LAS MEJORES MARCAS DEL MERCADOUno de los pilares de nuestra organizaci\u00f3n es el uso de equipos y marcas comerciales de alta calidad, que con el tiempo se han..","_links":{"self":[{"href":"https:\/\/pamurtech.com\/index.php?rest_route=\/wp\/v2\/pages\/815","targetHints":{"allow":["GET"]}}],"collection":[{"href":"https:\/\/pamurtech.com\/index.php?rest_route=\/wp\/v2\/pages"}],"about":[{"href":"https:\/\/pamurtech.com\/index.php?rest_route=\/wp\/v2\/types\/page"}],"author":[{"embeddable":true,"href":"https:\/\/pamurtech.com\/index.php?rest_route=\/wp\/v2\/users\/21"}],"replies":[{"embeddable":true,"href":"https:\/\/pamurtech.com\/index.php?rest_route=%2Fwp%2Fv2%2Fcomments&post=815"}],"version-history":[{"count":10,"href":"https:\/\/pamurtech.com\/index.php?rest_route=\/wp\/v2\/pages\/815\/revisions"}],"predecessor-version":[{"id":1560,"href":"https:\/\/pamurtech.com\/index.php?rest_route=\/wp\/v2\/pages\/815\/revisions\/1560"}],"wp:attachment":[{"href":"https:\/\/pamurtech.com\/index.php?rest_route=%2Fwp%2Fv2%2Fmedia&parent=815"}],"curies":[{"name":"wp","href":"https:\/\/api.w.org\/{rel}","templated":true}]}}