{"id":1814,"date":"2022-03-09T17:36:05","date_gmt":"2022-03-09T17:36:05","guid":{"rendered":"https:\/\/pamurtech.com\/?post_type=product&#038;p=1814"},"modified":"2023-03-15T02:27:50","modified_gmt":"2023-03-15T02:27:50","slug":"soporte-tecnico-mantenimiento-preventivo-reinstalacion-s-o","status":"publish","type":"product","link":"https:\/\/pamurtech.com\/?product=soporte-tecnico-mantenimiento-preventivo-reinstalacion-s-o","title":{"rendered":"SOPORTE T\u00c9CNICO MANTENIMIENTO PREVENTIVO \/ REINSTALACI\u00d3N S.O"},"content":{"rendered":"Soporte T\u00e9cnico\r\n\r\nFormateo, limpieza completa y reinstalaci\u00f3n de sistema operativo","protected":false},"excerpt":{"rendered":"<p>Soporte T\u00e9cnico Formateo, limpieza completa y reinstalaci\u00f3n de sistema operativo<\/p>\n","protected":false},"featured_media":407,"template":"","meta":[],"product_cat":[66],"product_tag":[],"class_list":{"0":"post-1814","1":"product","2":"type-product","3":"status-publish","4":"has-post-thumbnail","6":"product_cat-soporte-servicios","8":"first","9":"instock","10":"sale","11":"taxable","12":"shipping-taxable","13":"purchasable","14":"product-type-simple"},"_links":{"self":[{"href":"https:\/\/pamurtech.com\/index.php?rest_route=\/wp\/v2\/product\/1814","targetHints":{"allow":["GET"]}}],"collection":[{"href":"https:\/\/pamurtech.com\/index.php?rest_route=\/wp\/v2\/product"}],"about":[{"href":"https:\/\/pamurtech.com\/index.php?rest_route=\/wp\/v2\/types\/product"}],"wp:featuredmedia":[{"embeddable":true,"href":"https:\/\/pamurtech.com\/index.php?rest_route=\/wp\/v2\/media\/407"}],"wp:attachment":[{"href":"https:\/\/pamurtech.com\/index.php?rest_route=%2Fwp%2Fv2%2Fmedia&parent=1814"}],"wp:term":[{"taxonomy":"product_cat","embeddable":true,"href":"https:\/\/pamurtech.com\/index.php?rest_route=%2Fwp%2Fv2%2Fproduct_cat&post=1814"},{"taxonomy":"product_tag","embeddable":true,"href":"https:\/\/pamurtech.com\/index.php?rest_route=%2Fwp%2Fv2%2Fproduct_tag&post=1814"}],"curies":[{"name":"wp","href":"https:\/\/api.w.org\/{rel}","templated":true}]}}